{"id":11527,"date":"2023-09-29T15:59:28","date_gmt":"2023-09-29T13:59:28","guid":{"rendered":"https:\/\/teresaborotau.com\/escuela\/?post_type=lp_course&#038;p=11527"},"modified":"2024-03-15T10:04:29","modified_gmt":"2024-03-15T09:04:29","slug":"soy-sentitivo-plus","status":"publish","type":"lp_course","link":"https:\/\/teresaborotau.com\/escuela\/curso\/soy-sentitivo-plus\/","title":{"rendered":"SOY SENSITIVO PLUS"},"content":{"rendered":"\t\t<div data-elementor-type=\"wp-post\" data-elementor-id=\"11527\" class=\"elementor elementor-11527\" data-elementor-post-type=\"lp_course\">\n\t\t\t\t\t\t<section class=\"elementor-section elementor-top-section elementor-element elementor-element-7874984 elementor-section-boxed elementor-section-height-default elementor-section-height-default\" data-id=\"7874984\" data-element_type=\"section\" data-e-type=\"section\">\n\t\t\t\t\t\t<div class=\"elementor-container elementor-column-gap-default\">\n\t\t\t\t\t<div class=\"elementor-column elementor-col-100 elementor-top-column elementor-element elementor-element-65d4ea0\" data-id=\"65d4ea0\" data-element_type=\"column\" data-e-type=\"column\">\n\t\t\t<div class=\"elementor-widget-wrap elementor-element-populated\">\n\t\t\t\t\t\t<div class=\"elementor-element elementor-element-0ada94e elementor-widget elementor-widget-text-editor\" data-id=\"0ada94e\" data-element_type=\"widget\" data-e-type=\"widget\" data-widget_type=\"text-editor.default\">\n\t\t\t\t<div class=\"elementor-widget-container\">\n\t\t\t\t\t\t\t\t\t<p><b>Entiende tu naturaleza sensitiva, desarrolla tus capacidades extrasensoriales y lidera tu vida durante 16 semanas con mi acompa\u00f1amiento.<\/b><\/p><p>\u00a0<\/p><p><b>\u00a0\u00a0\u00a0\u00a0\u00a0\u00a0\u00a0\u00a0\u00a0\u00a0\u00a0\u00a0\u00a0\u00a0\u00a0\u00a0\u00a0\u00a0\u00a0\u00a0\u00a0\u00a0\u00a0\u00a0\u00a0\u00a0\u00a0\u00a0\u00a0\u00a0\u00a0\u00a0\u00a0\u00a0\u00a0\u00a0\u00a0\u00a0\u00a0\u00a0\u00a0\u00a0\u00a0\u00a0\u00a0\u00a0\u00a0\u00a0\u00a0\u00a0\u00a0\u00a0\u00a0\u00a0EN ESTE CURSO APRENDER\u00c1S A:<\/b><\/p><p>\u00a0<\/p><p><span style=\"font-weight: 400;\">1 <\/span><b>\u00a0Comprender, aceptar y normalizar tu naturaleza sensitiva entendiendo la diferencia entre ser un canal o un contenedor de informaci\u00f3n.\u00a0<\/b><\/p><p><span style=\"font-weight: 400;\">2 <\/span><b>Identificar tus facultades extrasensoriales predominantes<\/b><\/p><p><span style=\"font-weight: 400;\">3- <\/span><b>Saber diferenciar tu propia energ\u00eda de la de los dem\u00e1s liber\u00e1ndote de cargas que no te pertenecen.<\/b><\/p><p><span style=\"font-weight: 400;\">4- <\/span><b>Interpretar las informaciones y mensajes que recibes de forma canalizada para aplicarlos en tu d\u00eda a d\u00eda.<\/b><\/p><p><span style=\"font-weight: 400;\">4 <\/span><b>Confiar en la voz de tu alma como gu\u00eda interna que te llevar\u00e1 a la acci\u00f3n indicada en cada circunstancia.<\/b><\/p><p><span style=\"font-weight: 400;\">5 <\/span><b>Relacionarte con el mundo de los seres fallecidos de una forma segura y clara, siendo un intermediario fiable.<\/b><\/p><p><span style=\"font-weight: 400;\">6<\/span><b> Obtener soluciones pr\u00e1cticas, \u00fatiles y creativas para ti y tu entorno siendo un canal, amplificador e int\u00e9rprete de la realidad sutil.<\/b><\/p><p><b>7- Conseguir tus objetivos y metas gracias a la informaci\u00f3n recibida a trav\u00e9s del clariconocimiento.<\/b><\/p><p><b>8- Validar tus percepciones en grupos de trabajo entre iguales y con mi acompa\u00f1amiento grupal y personalizado.<\/b><\/p><p><b>9- Liderar tu vida mejorando todas tus relaciones, empezando por ti mismo, porque entender\u00e1s la causa profunda de los conflictos y bloqueos.<\/b><\/p><p><span style=\"font-weight: 400;\">10<\/span><b> Mostrarte al mundo sin miedo compartiendo las virtudes de tus dones a trav\u00e9s de una profesi\u00f3n que te llene.<\/b><\/p><p><b>12 Liderar\u00a0 tu vida compartiendo tus dones con el mundo a trav\u00e9s de una profesi\u00f3n que te llene.<\/b><\/p><p><b>\u00a0Y, adem\u00e1s, pertenecer a una comunidad de sensitiv@s donde podr\u00e1s compartir tus experiencias e inquietudes.<\/b><\/p>\t\t\t\t\t\t\t\t<\/div>\n\t\t\t\t<\/div>\n\t\t\t\t\t<\/div>\n\t\t<\/div>\n\t\t\t\t\t<\/div>\n\t\t<\/section>\n\t\t\t\t<\/div>\n\t\t","protected":false},"excerpt":{"rendered":"<p>Entiende tu naturaleza sensitiva, desarrolla tus capacidades extrasensoriales y lidera tu vida durante 16 semanas con mi acompa\u00f1amiento. \u00a0\u00a0\u00a0\u00a0\u00a0\u00a0\u00a0\u00a0\u00a0\u00a0\u00a0\u00a0\u00a0\u00a0\u00a0\u00a0\u00a0\u00a0\u00a0\u00a0\u00a0\u00a0\u00a0\u00a0\u00a0\u00a0\u00a0\u00a0\u00a0\u00a0\u00a0\u00a0\u00a0\u00a0\u00a0\u00a0\u00a0\u00a0\u00a0\u00a0\u00a0\u00a0\u00a0\u00a0\u00a0\u00a0\u00a0\u00a0\u00a0\u00a0\u00a0\u00a0\u00a0\u00a0EN ESTE&hellip;&nbsp;<a href=\"https:\/\/teresaborotau.com\/escuela\/curso\/soy-sentitivo-plus\/\" rel=\"bookmark\">Leer m\u00e1s &raquo;<span class=\"screen-reader-text\">SOY SENSITIVO PLUS<\/span><\/a><\/p>\n","protected":false},"author":4,"featured_media":12305,"comment_status":"closed","ping_status":"closed","template":"","course_category":[],"course_tag":[],"class_list":["post-11527","lp_course","type-lp_course","status-publish","has-post-thumbnail","hentry","pmpro-has-access","course"],"_links":{"self":[{"href":"https:\/\/teresaborotau.com\/escuela\/wp-json\/wp\/v2\/lp_course\/11527","targetHints":{"allow":["GET"]}}],"collection":[{"href":"https:\/\/teresaborotau.com\/escuela\/wp-json\/wp\/v2\/lp_course"}],"about":[{"href":"https:\/\/teresaborotau.com\/escuela\/wp-json\/wp\/v2\/types\/lp_course"}],"author":[{"embeddable":true,"href":"https:\/\/teresaborotau.com\/escuela\/wp-json\/wp\/v2\/users\/4"}],"replies":[{"embeddable":true,"href":"https:\/\/teresaborotau.com\/escuela\/wp-json\/wp\/v2\/comments?post=11527"}],"version-history":[{"count":6,"href":"https:\/\/teresaborotau.com\/escuela\/wp-json\/wp\/v2\/lp_course\/11527\/revisions"}],"predecessor-version":[{"id":12025,"href":"https:\/\/teresaborotau.com\/escuela\/wp-json\/wp\/v2\/lp_course\/11527\/revisions\/12025"}],"wp:featuredmedia":[{"embeddable":true,"href":"https:\/\/teresaborotau.com\/escuela\/wp-json\/wp\/v2\/media\/12305"}],"wp:attachment":[{"href":"https:\/\/teresaborotau.com\/escuela\/wp-json\/wp\/v2\/media?parent=11527"}],"wp:term":[{"taxonomy":"course_category","embeddable":true,"href":"https:\/\/teresaborotau.com\/escuela\/wp-json\/wp\/v2\/course_category?post=11527"},{"taxonomy":"course_tag","embeddable":true,"href":"https:\/\/teresaborotau.com\/escuela\/wp-json\/wp\/v2\/course_tag?post=11527"}],"curies":[{"name":"wp","href":"https:\/\/api.w.org\/{rel}","templated":true}]}}

<div data-elementor-type="wp-post" data-elementor-id="11527" class="elementor elementor-11527" data-elementor-post-type="lp_course">
						<section class="elementor-section elementor-top-section elementor-element elementor-element-7874984 elementor-section-boxed elementor-section-height-default elementor-section-height-default" data-id="7874984" data-element_type="section" data-e-type="section">
						<div class="elementor-container elementor-column-gap-default">
					<div class="elementor-column elementor-col-100 elementor-top-column elementor-element elementor-element-65d4ea0" data-id="65d4ea0" data-element_type="column" data-e-type="column">
			<div class="elementor-widget-wrap elementor-element-populated">
						<div class="elementor-element elementor-element-0ada94e elementor-widget elementor-widget-text-editor" data-id="0ada94e" data-element_type="widget" data-e-type="widget" data-widget_type="text-editor.default">
				<div class="elementor-widget-container">
									<p><b>Entiende tu naturaleza sensitiva, desarrolla tus capacidades extrasensoriales y lidera tu vida durante 16 semanas con mi acompañamiento.</b></p><p> </p><p><b>                                                      EN ESTE CURSO APRENDERÁS A:</b></p><p> </p><p><span style="font-weight: 400;">1 </span><b> Comprender, aceptar y normalizar tu naturaleza sensitiva entendiendo la diferencia entre ser un canal o un contenedor de información. </b></p><p><span style="font-weight: 400;">2 </span><b>Identificar tus facultades extrasensoriales predominantes</b></p><p><span style="font-weight: 400;">3- </span><b>Saber diferenciar tu propia energía de la de los demás liberándote de cargas que no te pertenecen.</b></p><p><span style="font-weight: 400;">4- </span><b>Interpretar las informaciones y mensajes que recibes de forma canalizada para aplicarlos en tu día a día.</b></p><p><span style="font-weight: 400;">4 </span><b>Confiar en la voz de tu alma como guía interna que te llevará a la acción indicada en cada circunstancia.</b></p><p><span style="font-weight: 400;">5 </span><b>Relacionarte con el mundo de los seres fallecidos de una forma segura y clara, siendo un intermediario fiable.</b></p><p><span style="font-weight: 400;">6</span><b> Obtener soluciones prácticas, útiles y creativas para ti y tu entorno siendo un canal, amplificador e intérprete de la realidad sutil.</b></p><p><b>7- Conseguir tus objetivos y metas gracias a la información recibida a través del clariconocimiento.</b></p><p><b>8- Validar tus percepciones en grupos de trabajo entre iguales y con mi acompañamiento grupal y personalizado.</b></p><p><b>9- Liderar tu vida mejorando todas tus relaciones, empezando por ti mismo, porque entenderás la causa profunda de los conflictos y bloqueos.</b></p><p><span style="font-weight: 400;">10</span><b> Mostrarte al mundo sin miedo compartiendo las virtudes de tus dones a través de una profesión que te llene.</b></p><p><b>12 Liderar  tu vida compartiendo tus dones con el mundo a través de una profesión que te llene.</b></p><p><b> Y, además, pertenecer a una comunidad de sensitiv@s donde podrás compartir tus experiencias e inquietudes.</b></p>								</div>
				</div>
					</div>
		</div>
					</div>
		</section>
				</div>

<p>Entiende tu naturaleza sensitiva, desarrolla tus capacidades extrasensoriales y lidera tu vida durante 16 semanas con mi acompañamiento.                                                       EN ESTE&hellip;&nbsp;<a href="https://teresaborotau.com/escuela/curso/soy-sentitivo-plus/" rel="bookmark">Leer más &raquo;<span class="screen-reader-text">SOY SENSITIVO PLUS</span></a></p>
