{"id":15230,"date":"2024-10-04T18:05:21","date_gmt":"2024-10-04T16:05:21","guid":{"rendered":"https:\/\/teresaborotau.com\/escuela\/?post_type=product&#038;p=15230"},"modified":"2024-10-04T18:37:54","modified_gmt":"2024-10-04T16:37:54","slug":"terapeuta-sensitivo","status":"publish","type":"product","link":"https:\/\/teresaborotau.com\/escuela\/producto\/terapeuta-sensitivo\/","title":{"rendered":"Terapeuta Sensitivo"},"content":{"rendered":"","protected":false},"excerpt":{"rendered":"<p>Pon tus dones y capacidades de percepci\u00f3n al servicio de los dem\u00e1s y aporta un valor a\u00f1adido a tu vida personal y profesional.<\/p>\n<div class=\"otras_opciones\">\n<p><a href=\"https:\/\/teresaborotau.com\/escuela\/producto\/terapeuta-sensitivo-fraccionado\/\">Pago 3, 6 y 9 plazos<\/a><\/p>\n<\/div>\n","protected":false},"featured_media":15226,"comment_status":"open","ping_status":"closed","template":"","meta":{"pmpro_default_level":"","neve_meta_sidebar":"","neve_meta_container":"","neve_meta_enable_content_width":"off","neve_meta_content_width":100,"neve_meta_title_alignment":"","neve_meta_author_avatar":"","neve_post_elements_order":"","neve_meta_disable_header":"","neve_meta_disable_footer":"","neve_meta_disable_title":""},"product_brand":[],"product_cat":[51],"product_tag":[],"class_list":{"0":"post-15230","1":"product","2":"type-product","3":"status-publish","4":"has-post-thumbnail","6":"product_cat-sin-categorizar","7":"pmpro-has-access","9":"first","10":"instock","11":"virtual","12":"purchasable","13":"product-type-simple"},"_links":{"self":[{"href":"https:\/\/teresaborotau.com\/escuela\/wp-json\/wp\/v2\/product\/15230","targetHints":{"allow":["GET"]}}],"collection":[{"href":"https:\/\/teresaborotau.com\/escuela\/wp-json\/wp\/v2\/product"}],"about":[{"href":"https:\/\/teresaborotau.com\/escuela\/wp-json\/wp\/v2\/types\/product"}],"replies":[{"embeddable":true,"href":"https:\/\/teresaborotau.com\/escuela\/wp-json\/wp\/v2\/comments?post=15230"}],"wp:featuredmedia":[{"embeddable":true,"href":"https:\/\/teresaborotau.com\/escuela\/wp-json\/wp\/v2\/media\/15226"}],"wp:attachment":[{"href":"https:\/\/teresaborotau.com\/escuela\/wp-json\/wp\/v2\/media?parent=15230"}],"wp:term":[{"taxonomy":"product_brand","embeddable":true,"href":"https:\/\/teresaborotau.com\/escuela\/wp-json\/wp\/v2\/product_brand?post=15230"},{"taxonomy":"product_cat","embeddable":true,"href":"https:\/\/teresaborotau.com\/escuela\/wp-json\/wp\/v2\/product_cat?post=15230"},{"taxonomy":"product_tag","embeddable":true,"href":"https:\/\/teresaborotau.com\/escuela\/wp-json\/wp\/v2\/product_tag?post=15230"}],"curies":[{"name":"wp","href":"https:\/\/api.w.org\/{rel}","templated":true}]}}